se 9?
3
What is 31 (base 10) in base 5?
111
What is 0 (base 14) in base 6?
0
What is 0 (base 8) in base 15?
0
What is -1130 (base 5) in base 4?
-2211
Convert -9 (base 11) to base 9.
-10
What is -3 (base 13) in base 5?
-3
-2 (base 3) to base 8
-2
What is 32 (base 7) in base 9?
25
7 (base 14) to base 15
7
What is 20 (base 14) in base 10?
28
What is 13 (base 9) in base 10?
12
What is 0 (base 12) in base 3?
0
Convert -6 (base 13) to base 7.
-6
-121 (base 5) to base 14
-28
What is 1 (base 16) in base 6?
1
Convert -11 (base 2) to base 16.
-3
Convert -3 (base 11) to base 7.
-3
-3 (base 6) to base 9
-3
1c (base 13) to base 4
121
Convert 3 (base 9) to base 7.
3
What is -16 (base 14) in base 12?
-18
4 (base 9) to base 11
4
3 (base 7) to base 2
11
13 (base 4) to base 15
7
-42 (base 12) to base 6
-122
Convert -13 (base 4) to base 8.
-7
Convert -3 (base 5) to base 12.
-3
12 (base 13) to base 10
15
Convert 5 (base 15) to base 6.
5
Convert 1 (base 14) to base 3.
1
Convert -2b (base 12) to base 4.
-203
Convert 33 (base 4) to base 14.
11
141 (base 11) to base 14
bc
Convert 9 (base 12) to base 11.
9
What is 3 (base 16) in base 10?
3
-3 (base 9) to base 5
-3
Convert 4 (base 10) to base 8.
4
9 (base 10) to base 14
9
Convert -1 (base 16) to base 12.
-1
Convert -254 (base 6) to base 14.
-78
Convert -3 (base 11) to base 14.
-3
What is -8 (base 13) in base 14?
-8
2 (base 7) to base 9
2
-2 (base 14) to base 8
-2
5 (base 10) to base 2
101
Convert -16 (base 10) to base 13.
-13
Convert -1010 (base 2) to base 14.
-a
Convert 3 (base 11) to base 4.
3
Convert -3 (base 5) to base 12.
-3
Convert 11 (base 12) to base 10.
13
-20 (base 9) to base 14
-14
What is -47 (base 8) in base 9?
-43
What is -121 (base 5) in base 12?
-30
-1 (base 16) to base 15
-1
1101100 (base 2) to base 4
1230
-5 (base 9) to base 3
-12
What is -1 (base 2) in base 13?
-1
What is -9 (base 10) in base 12?
-9
What is -4 (base 8) in base 6?
-4
Convert -45 (base 7) to base 8.
-41
-54 (base 14) to base 2
-1001010
100 (base 4) to base 13
13
Convert -10 (base 6) to base 10.
-6
Convert -10001100 (base 2) to base 8.
-214
22 (base 13) to base 4
130
120 (base 3) to base 11
14
What is 66 (base 7) in base 2?
110000
What is -1 (base 10) in base 13?
-1
What is -18 (base 11) in base 6?
-31
What is 1 (base 11) in base 8?
1
-111 (base 8) to base 4
-1021
Convert 1330 (base 4) to base 3.
11121
11 (base 7) to base 10
8
What is -10 (base 4) in base 12?
-4
What is 31 (base 10) in base 13?
25
2000 (base 3) to base 9
60
What is 16 (base 14) in base 8?
24
Convert 200 (base 3) to base 6.
30
0 (base 7) to base 3
0
Convert -3 (base 10) to base 14.
-3
-1223 (base 5) to base 14
-d6
Convert 0 (base 16) to base 12.
0
Convert 2 (base 13) to base 11.
2
Convert -27 (base 9) to base 15.
-1a
Convert -4 (base 9) to base 4.
-10
What is 142 (base 6) in base 11?
57
-100001 (base 2) to base 8
-41
131 (base 7) to base 15
4b
What is -7 (base 10) in base 8?
-7
40 (base 7) to base 11
26
What is 2233 (base 4) in base 15?
ba
-43 (base 6) to base 16
-1b
What is -6c (base 13) in base 12?
-76
Convert -53 (base 14) to base 12.
-61
110 (base 2) to base 13
6
What is 43 (base 11) in base 15?
32
What is -b (base 12) in base 9?
-12
Convert -11 (base 2) to base 13.
-3
What is 24 (base 6) in base 4?
100
What is 15 (base 7) in base 3?
110
4b (base 13) to base 8
77
Convert 7 (base 15) to base 3.
21
What is 112 (base 5) in base 10?
32
-11 (base 10) to base 5
-21
What is 1d (base 15) in base 2?
11100
Convert 12 (base 14) to base 16.
10
-1 (base 13) to base 9
-1
Convert 1 (base 11) to base 13.
1
-167 (base 9) to base 11
-11a
1 (base 4) to base 8
1
What is 1 (base 7) in base 14?
1
25 (base 16) to base 11
34
Convert 6 (base 12) to base 3.
20
What is 14 (base 6) in base 16?
a
What is 0 (base 3) in base 10?
0
Convert 120 (base 4) to base 3.
220
What is 1 (base 15) in base 3?
1
Convert 13 (base 12) to base 13.
12
Convert 23 (base 4) to base 13.
b
Convert 67 (base 8) to base 9.
61
What is -1000 (base 2) in base 4?
-20
What is -100 (base 7) in base 11?
-45
Convert 0 (base 16) to base 10.
0
Convert 1 (base 2) to base 8.
1
What is 100101 (base 2) in base 3?
1101
Convert 53 (base 15) to base 7.
141
What is -122 (base 3) in base 7?
-23
Convert -224 (base 10) to base 14.
-120
0 (base 10) to base 5
0
Convert 13 (base 6) to base 4.
21
Convert 0 (base 4) to base 15.
0
7 (base 11) to base 14
7
b (base 15) to base 14
b
2 (base 12) to base 10
2
Convert 0 (base 11) to base 8.
0
27 (base 10) to base 13
21
-1030 (base 4) to base 13
-5b
What is 0 (base 5) in base 4?
0
Convert 1101 (base 2) to base 14.
d
What is 13 (base 13) in base 14?
12
24 (base 8) to base 12
18
Convert 21 (base 7) to base 15.
10
3 (base 12) to base 6
3
What is 5 (base 16) in base 9?
5
What is 2a (base 11) in base 13?
26
305 (base 6) to base 13
89
-40 (base 9) to base 2
-100100
-97 (base 12) to base 16
-73
Convert 78 (base 12) to base 9.
112
Convert -216 (base 10) to base 5.
-1331
What is 22020 (base 3) in base 12?
166
-4 (base 11) to base 8
-4
What is 14b (base 13) in base 2?
11101000
Convert -2 (base 4) to base 15.
-2
Convert -1001100 (base 2) to base 6.
-204
Convert -10 (base 8) to base 15.
-8
-100 (base 2) to base 8
-4
-64 (base 11) to base 3
-2121
What is -1010 (base 2) in base 4?
-22
What is -6 (base 14) in base 13?
-6
Convert -2 (base 6) to base 7.
-2
What is 7 (base 10) in base 5?
12
-41 (base 6) to base 7
-34
What is -8 (base 15) in base 7?
-11
-3c (base 14) to base 11
-4a
What is 2 (base 5) in base 10?
2
-17 (base 15) to base 4
-112
-3 (base 15) to base 10
-3
15 (base 16) to base 14
17
Convert -5 (base 16) to base 8.
-5
Convert -a6 (base 12) to base 4.
-1332
What is 1dc (base 14) in base 4?
12012
100011 (base 2) to base 12
2b
What is 0 (base 9) in base 13?
0
Convert -12 (base 9) to base 16.
-b
Convert 0 (base 8) to base 14.
0
What is -11 (base 2) in base 7?
-3
What is -1 (base 16) in base 5?
-1
-1b (base 16) to base 8
-33
Convert 132 (base 8) to base 16.
5a
What is 1 (base 8) in base 11?
1
-bb (base 15) to base 14
-c8
Convert 10 (base 10) to base 7.
13
What is 1 (base 2) in base 15?
1
Convert -2 (base 11) to base 9.
-2
Convert 26 (base 16) to base 12.
32
-110 (base 2) to base 16
-6
Convert -16 (base 13) to base 2.
-10011
Convert 7 (base 9) to base 7.
10
Convert 421 (base 9) to base 5.
2333
What is -57 (base 8) in base 2?
-101111
What is -1442 (base 5) in base 6?
-1051
-9 (base 15) to base 14
-9
-113 (base 4) to base 5
-43
What is -6 (base 10) in base 13?
-6
What is 2b (base 16) in base 3?
1121
11001 (base 3) to base 16
6d
Convert 0 (base 5) to base 7.
0
What is 13 (base 7) in base 4?
22
-1b2 (base 13) to base 15
-15e
Convert -3 (base 6) to base 16.
-3
Convert -14 (base 10) to base 2.
-1110
17 (base 10) to base 9
18
14 (base 9) to base 14
d
1003 (base 4) to base 16
43
What is 3 (base 9) in base 13?
3
Convert 0 (base 11) to base 3.
0
What is 54 (base 13) in base 6?
153
What is ba (base 13) in base 14?
ad
Convert 47 (base 13) to base 7.
113
13 (base 9) to base 8
14
What is 4 (base 11) in base 14?
4
1 (base 5) to base 12
1
Convert -5 (base 7) to base 11.
-5
What is 26 (base 16) in base 12?
32
Convert 79 (base 13) to base 8.
144
What is 8c (base 14) in base 12?
a4
Convert 62 (base 14) to base 15.
5b
52 (base 16) to base 7
145
4 (base 16) to base 10
4
4 (base 16) to base 4
10
What is 5 (base 14) in base 7?
5
250 (base 7) to base 10
133
What is -c (base 13) in base 4?
-30
-168 (base 12) to base 14
-120
What is -18 (base 16) in base 8?
-30
Convert -1000 (base 2) to base 6.
-12
-4 (base 12) to base 10
-4
110000 (base 2) to base 16
30
Convert -10 (base 9) to base 2.
-1001
What is 1 (base 6) in base 14?
1
-4 (base 6) to base 7
-4
What is -1121 (base 5) in base 8?
-241
Convert 3 (base 15) to base 3.
10
What is -2 (base 10) in base 6?
-2
2 (base 10) to base 11
2
3 (base 16) to base 10
3
-10 (base 6) to base 2
-110
What is 1010000 (base 2) in base 10?
80
Convert 8e (base 15) to base 8.
206
What is -201 (base 4) in base 9?
-36
What is -3 (base 4) in base 7?
-3
-130 (base 13) to base 7
-415
Convert -101 (base 4) to base 10.
-17
6 (base 11) to base 15
6
What is -4 (base 9) in base 14?
-4
What is 9 (base 10) in base 9?
10
Convert 56 (base 7) to base 3.
1112
What is 100 (base 2) in base 15?
4
123 (base 5) to base 13
2c
2 (base 3